-4)/12). Let s be f(g). Suppose 38*t - 962 = 1432. Calculate the highest common factor of t and s.
21
Suppose -7*o - 295 - 1399 = 0. Let b = o + 374. Let i(g) = 3*g**2. Let u be i(-2). Calculate the highest common factor of b and u.
12
Suppose -1304*a + 468 = -1302*a. What is the highest common divisor of a and 2184?
78
Let r be 63/(14 + 25/(-2)). Calculate the greatest common factor of 651 and r.
21
Suppose -3*y = -7*y - 456. Let k be -58*1*(y/12 - -5). Let w(r) = r**2 - 3*r + 1. Let h be w(-4). Calculate the highest common factor of k and h.
29
Suppose 0 = 5*c - 34 - 26. Let p be ((-3)/(-5))/((-18)/c)*-10. Let k be 19 - (-1 - (-7 + p)). What is the greatest common factor of 51 and k?
17
Let o(x) = x**2 - 53*x + 615. Let b be o(15). What is the highest common factor of b and 3405?
15
Let y = 135 + 21. Let s(t) = t**3 - 59*t**2 + 382*t - 924. Let p be s(52). Calculate the greatest common factor of y and p.
12
Let b be -2*3/(-6)*(-6)/(-2). Suppose b*d = -5*z - 647, 0 = z + 2*z + d + 389. Let v = z - -152. What is the greatest common factor of v and 154?
22
Suppose 433 = 52*u - 295. Let c be 24/u + 26/(-7) + 4. Calculate the highest common factor of c and 58.
2
Let p = 1383 - 1296. What is the highest common factor of 9 and p?
3
Suppose -9*p = 4*t - 1270, 4*p + 584 = -13*t + 15*t. Calculate the highest common factor of t and 646.
38
Let b be (-8257)/(-3) + (1840/(-120))/46. Calculate the highest common factor of b and 172.
172
Suppose 170*h + 412 = 174*h - 4*m, -221 = -2*h - m. Let b be 1 - -1 - (-5 + -20). Calculate the highest common divisor of b and h.
27
Suppose 4*c = 5*c - 4*k - 16, 4*c - 5*k = 86. Suppose 3*t + 6 = 6*t. Let x be 4*(-45)/40*t/(-3). What is the greatest common factor of c and x?
3
Let n(r) = 16*r + 8. Let c be n(-17). Let u = c - -309. What is the highest common factor of 120 and u?
15
Let m(o) = -o**3 - 9*o**2 - 9*o + 8. Let c be m(-8). Suppose 103 = c*g - 233. Calculate the greatest common divisor of g and 21.
21
Let o(f) = -5*f + 4*f + 2*f**2 - 4 + 5*f**2. Suppose -3*j = 2*a - 18, -22*j + 18*j = -3*a + 10. Let v be o(j). What is the highest common factor of v and 4?
2
Suppose 4*u = -5*z + 35412, -195*z + 35372 = 4*u - 200*z. What is the greatest common divisor of u and 336?
112
Suppose 12*s = 42*s - 180. Suppose -4*m = -g + 10, -2*m - 5 - 9 = -2*g. What is the greatest common factor of g and s?
6
Let m(d) = 2*d**3 + 12*d**2 + 7*d + 13. Let w be m(-7). Let a = -140 - w. Let u be (27/a)/((-2)/12). What is the highest common factor of 270 and u?
27
Suppose 8005*i - 7938*i = 402. Calculate the highest common divisor of 1146 and i.
6
Let a be ((-119)/(-84) - 27/36)*12. Suppose 5*k - 20 = 4*s, -3*s + 17 = 2. Calculate the greatest common divisor of a and k.
8
Let n be ((-9)/51)/(3/2) + 82936/952. Calculate the greatest common factor of 15573 and n.
87
Let h be -7*(28600/(-91))/20. What is the highest common divisor of 550 and h?
110
Let q(f) = 2*f**2 - 125*f + 615. Let l be q(5). What is the highest common divisor of l and 760?
40
Suppose -4*x - 10 = 10, 3*c = -10*x + 172. Calculate the greatest common divisor of c and 31117.
37
Let s = 6644 - 2919. What is the greatest common factor of 596 and s?
149
Suppose -374*z + 9315 = -351*z. Calculate the highest common divisor of 1125 and z.
45
Let h be (36/30)/((-9)/(-60)). Let n(z) = -z**3 + 9*z**2 - 7*z - 5. Let d be n(h). Let f be 115 + (-7)/(7/d). Calculate the greatest common factor of f and 16.
16
Let s(g) = -10*g - 1. Let h be s(-1). Suppose 0 = 37*d - 43*d + 864. What is the greatest common divisor of h and d?
9
Let u(j) = -j**3 - j**2 - j + 16. Let g be u(0). Suppose -16*q + g = -8*q. Suppose 7 - 3 = f. Calculate the highest common factor of f and q.
2
Suppose 0 = 136*p - 133*p, -2*p + 534 = 6*z. What is the greatest common factor of 2047 and z?
89
Let k(l) = -10*l - 31. Let x(j) = 2*j - 1. Let u(n) = k(n) + 2*x(n). Let r = -8 + -3. Let h be u(r). Calculate the highest common factor of 3 and h.
3
Suppose -3*s - 2*u + 530 = -2*s, -2129 = -4*s + u. What is the greatest common divisor of s and 28?
28
Suppose -82 = y - 0*y - 3*s, y + s = -78. Let o = -57 - y. What is the highest common divisor of o and 2?
2
Let g be -8 + 4 - ((-1)/(-5) - 59646/30). What is the highest common factor of g and 2368?
64
Let g = -150 + 97. Let c = g - -73. What is the highest common divisor of c and 70?
10
Suppose -29*f + 506 = -24*f + 2*j, 5*f = 10*j + 590. Let l = 38 + -12. Let d = -13 + l. What is the highest common divisor of d and f?
13
Let z be (-1)/((-15)/(17 - -33358)). Calculate the greatest common factor of z and 712.
89
Suppose -4500 = -94*b - 31*b. Calculate the highest common factor of 1212 and b.
12
Let z(o) = -9*o**2 + 568*o - 55. Let x be z(63). What is the greatest common factor of x and 712?
8
Let z = 26 + -11. Suppose -2*w + 129 = -z. Suppose -28 = -2*b - p - 9, 4 = b - 5*p. Calculate the greatest common divisor of w and b.
9
Let q = 10645 - 10573. Let k be 3/5 - 1347/(-5). Calculate the highest common factor of k and q.
18
Let x(s) = -9*s + 11. Let o be x(13). Let r(b) = 2*b**3 - 35*b**2 - 4*b - 141. Let v be r(18). Let w = v + o. Calculate the greatest common factor of w and 45.
5
Suppose 0 = 12*n + 66 + 114. Let t be 14 + -1 + 6 + (n - -10). What is the highest common divisor of t and 4?
2
Let s(z) = z**3 - 16*z**2 + 77*z - 248. Let x be s(12). Let m(k) = -k**2 - 18*k - 11. Let y be m(-9). What is the greatest common divisor of x and y?
10
Suppose u = -r + 32 + 19, -r = -4*u + 209. Let v = 195 - u. Calculate the greatest common divisor of 22 and v.
11
Let v be (-1)/(-3) - (-476)/12. Let d = 138 + -131. Suppose 5*l = 5*h + d - 42, -3*h + 2*l = -19. Calculate the greatest common divisor of v and h.
5
Let z(l) = 2*l + 6. Let d be z(3). Let p(f) = -2*f + 1. Let t be p(-1). Calculate the greatest common factor of d and t.
3
Let i(h) = h**3 + 9*h**2 + 8*h - 2. Let q be i(-2). Suppose q*l - 1140 = 750. Let k be 130/6 - (-2)/(-3). What is the greatest common factor of k and l?
21
Suppose 15*w - 366 = 146 + 148. Calculate the greatest common divisor of w and 5632.
44
Suppose 2*s - 456 = 83*u - 87*u, -5*s + 370 = 3*u. Calculate the greatest common factor of u and 1606.
22
Let m(r) = 156*r - 3113. Let x be m(20). Calculate the highest common divisor of 9 and x.
1
Let i be (-6*10/15)/(-1). Let x(l) = -l**3 + 5*l**2 - l + 4. Let u be x(i). Let f be -2 - 1816/(-14) - (-10)/35. What is the highest common divisor of u and f?
16
Let k be -4*((-6)/(-4) + 0). Let h be ((48/k)/16)/((-2)/360). Calculate the greatest common divisor of 75 and h.
15
Let f(i) = 6*i**3 - i**2 + 4*i + 168. Let s be f(0). What is the highest common divisor of s and 312?
24
Let m be (24/(-4))/((-12)/8) + -5. Let c(a) = 53*a**2 - 6*a - 5. Let s be c(m). What is the highest common divisor of 81 and s?
27
Let x be (33 - 5)*(-11 + (-1434)/(-42)). What is the greatest common divisor of 56 and x?
8
Suppose 0 = -2*h - o + 83, 2*h - 252*o = -257*o + 103. Calculate the highest common factor of 78 and h.
39
Let l be (-64)/(-3 - -11)*-26. What is the greatest common factor of l and 304?
16
Let j = 13 - 8. Let q be 5*40/3 - 15/(-45). Suppose -11*g + q + 373 = 0. What is the greatest common divisor of j and g?
5
Let f = -183 + 909. Suppose f = 34*p - 124. Let u be (-4)/(-6) + 56/6. What is the highest common divisor of p and u?
5
Suppose -3*a + 5*p + 717 = 0, 4*a - 108*p = -105*p + 945. Calculate the highest common divisor of a and 663.
39
Let a = 20841 + -20833. Suppose 2*k = 4*j + 4*k - 138, 6 = -2*k. What is the highest common divisor of a and j?
4
Let t be 1137/7 - (-24)/(-56). Suppose -9*r - 90 = -t. Calculate the greatest common factor of r and 12.
4
Let d = 254 + -259. Let i(r) = 6*r**2 + 16*r + 30. Let b be i(d). What is the greatest common divisor of 25 and b?
25
Let z(i) = -i**3 - 6*i**2 - 3*i - 2. Let r be z(-6). Let h be (-128)/(-12)*228/r. Calculate the highest common divisor of 8 and h.
8
Let q = -14916 - -21429. What is the greatest common divisor of 39 and q?
39
Let y = -172 - -288. Let q be ((-314)/8 - -3)*14*(-96)/120. What is the highest common divisor of q and y?
58
Suppose -82 = -2*b + p, -2*b - 277 = 3*p - 359. What is the greatest common divisor of b and 21443?
41
Let o(s) = 41*s - 393. Let n(z) = 13*z + 286. 